is divided by 10?
4
Calculate the remainder when 166 is divided by 59.
48
Calculate the remainder when 814 is divided by 31.
8
Calculate the remainder when 244 is divided by 53.
32
Calculate the remainder when 336 is divided by 112.
0
Calculate the remainder when 97 is divided by 36.
25
What is the remainder when 581 is divided by 8?
5
What is the remainder when 396 is divided by 15?
6
Calculate the remainder when 482 is divided by 90.
32
Calculate the remainder when 2624 is divided by 28.
20
What is the remainder when 143 is divided by 42?
17
Calculate the remainder when 2206 is divided by 116.
2
Calculate the remainder when 3059 is divided by 59.
50
What is the remainder when 1399 is divided by 358?
325
Calculate the remainder when 43 is divided by 28.
15
Calculate the remainder when 88 is divided by 17.
3
What is the remainder when 195 is divided by 22?
19
What is the remainder when 54 is divided by 5?
4
What is the remainder when 180 is divided by 51?
27
What is the remainder when 387 is divided by 190?
7
Calculate the remainder when 537 is divided by 17.
10
Calculate the remainder when 554 is divided by 139.
137
What is the remainder when 8050 is divided by 83?
82
Calculate the remainder when 469 is divided by 139.
52
Calculate the remainder when 1074 is divided by 533.
8
What is the remainder when 348 is divided by 22?
18
What is the remainder when 1825 is divided by 62?
27
Calculate the remainder when 2350 is divided by 147.
145
What is the remainder when 87 is divided by 12?
3
What is the remainder when 154 is divided by 12?
10
Calculate the remainder when 507 is divided by 10.
7
Calculate the remainder when 69 is divided by 42.
27
Calculate the remainder when 426 is divided by 210.
6
What is the remainder when 822 is divided by 406?
10
What is the remainder when 173 is divided by 35?
33
What is the remainder when 37923 is divided by 126?
123
Calculate the remainder when 49 is divided by 19.
11
Calculate the remainder when 6146 is divided by 9.
8
What is the remainder when 111 is divided by 4?
3
Calculate the remainder when 1090 is divided by 542.
6
Calculate the remainder when 882 is divided by 281.
39
Calculate the remainder when 136 is divided by 29.
20
What is the remainder when 1280 is divided by 107?
103
What is the remainder when 617 is divided by 10?
7
What is the remainder when 48 is divided by 29?
19
Calculate the remainder when 366 is divided by 37.
33
Calculate the remainder when 675 is divided by 219.
18
Calculate the remainder when 1767 is divided by 15.
12
What is the remainder when 157 is divided by 39?
1
Calculate the remainder when 61 is divided by 28.
5
What is the remainder when 1075 is divided by 14?
11
Calculate the remainder when 68 is divided by 27.
14
Calculate the remainder when 6297 is divided by 28.
25
Calculate the remainder when 291 is divided by 51.
36
What is the remainder when 292 is divided by 75?
67
Calculate the remainder when 388 is divided by 35.
3
Calculate the remainder when 1192 is divided by 579.
34
What is the remainder when 372 is divided by 100?
72
What is the remainder when 282 is divided by 155?
127
What is the remainder when 160 is divided by 4?
0
Calculate the remainder when 1001 is divided by 71.
7
Calculate the remainder when 2041 is divided by 82.
73
What is the remainder when 1633 is divided by 40?
33
What is the remainder when 171 is divided by 52?
15
What is the remainder when 212 is divided by 57?
41
Calculate the remainder when 39 is divided by 8.
7
Calculate the remainder when 2217 is divided by 106.
97
Calculate the remainder when 33 is divided by 23.
10
Calculate the remainder when 38 is divided by 1.
0
What is the remainder when 7379 is divided by 20?
19
Calculate the remainder when 52 is divided by 11.
8
Calculate the remainder when 2835 is divided by 33.
30
What is the remainder when 15046 is divided by 12?
10
What is the remainder when 151 is divided by 17?
15
What is the remainder when 642 is divided by 213?
3
What is the remainder when 701 is divided by 61?
30
Calculate the remainder when 944 is divided by 12.
8
Calculate the remainder when 26184 is divided by 29.
26
Calculate the remainder when 845 is divided by 94.
93
What is the remainder when 6873 is divided by 125?
123
Calculate the remainder when 1493 is divided by 19.
11
What is the remainder when 376 is divided by 182?
12
Calculate the remainder when 412 is divided by 61.
46
Calculate the remainder when 226 is divided by 58.
52
What is the remainder when 305 is divided by 34?
33
What is the remainder when 106 is divided by 20?
6
Calculate the remainder when 403 is divided by 143.
117
Calculate the remainder when 166 is divided by 33.
1
What is the remainder when 1161 is divided by 36?
9
Calculate the remainder when 843 is divided by 13.
11
What is the remainder when 2669 is divided by 33?
29
Calculate the remainder when 1465 is divided by 215.
175
What is the remainder when 9761 is divided by 444?
437
What is the remainder when 360 is divided by 356?
4
What is the remainder when 1869 is divided by 78?
75
What is the remainder when 240 is divided by 22?
20
What is the remainder when 829 is divided by 91?
10
Calculate the remainder when 701 is divided by 100.
1
Calculate the remainder when 311 is divided by 65.
51
Calculate the remainder when 21572 is divided by 141.
140
Calculate the remainder when 37 is divided by 19.
18
Calculate the remainder when 53 is divided by 21.
11
Calculate the remainder when 35 is divided by 13.
9
What is the remainder when 609 is divided by 6?
3
What is the remainder when 538 is divided by 265?
8
What is the remainder when 92 is divided by 10?
2
Calculate the remainder when 166 is divided by 30.
16
Calculate the remainder when 5011 is divided by 12.
7
What is the remainder when 138 is divided by 18?
12
What is the remainder when 911 is divided by 23?
14
What is the remainder when 108 is divided by 3?
0
Calculate the remainder when 3416 is divided by 180.
176
Calculate the remainder when 96 is divided by 54.
42
What is the remainder when 1781 is divided by 6?
5
Calculate the remainder when 39 is divided by 16.
7
Calculate the remainder when 856 is divided by 13.
11
Calculate the remainder when 101 is divided by 13.
10
Calculate the remainder when 1008 is divided by 274.
186
Calculate the remainder when 195 is divided by 137.
58
Calculate the remainder when 2461 is divided by 410.
1
What is the remainder when 128 is divided by 71?
57
Calculate the remainder when 46 is divided by 18.
10
Calculate the remainder when 1131 is divided by 9.
6
Calculate the remainder when 3970 is divided by 12.
10
What is the remainder when 319 is divided by 65?
59
What is the remainder when 3181 is divided by 189?
157
What is the remainder when 1158 is divided by 31?
11
What is the remainder when 1053 is divided by 37?
17
Calculate the remainder when 123 is divided by 69.
54
What is the remainder when 118 is divided by 6?
4
Calculate the remainder when 272 is divided by 86.
14
What is the remainder when 127 is divided by 74?
53
What is the remainder when 305 is divided by 140?
25
What is the remainder when 62 is divided by 31?
0
What is the remainder when 283 is divided by 59?
47
Calculate the remainder when 570 is divided by 155.
105
What is the remainder when 503 is divided by 502?
1
What is the remainder when 548 is divided by 43?
32
Calculate the remainder when 1828 is divided by 451.
24
Calculate the remainder when 196 is divided by 70.
56
What is the remainder when 91579 is divided by 21?
19
What is the remainder when 1884 is divided by 13?
12
What is the remainder when 94 is divided by 24?
22
Calculate the remainder when 70 is divided by 10.
0
What is the remainder when 1063 is divided by 56?
55
What is the remainder when 574 is divided by 18?
16
Calculate the remainder when 128 is divided by 57.
14
What is the remainder when 51 is divided by 41?
10
Calculate the remainder when 885 is divided by 428.
29
Calculate the remainder when 206 is divided by 52.
50
Calculate the remainder when 3068 is divided by 31.
30
Calculate the remainder when 1922 is divided by 62.
0
Calculate the remainder when 385 is divided by 13.
8
What is the remainder when 572 is divided by 64?
60
Calculate the remainder when 10